er when 214 is divided by 149.
65
What is the remainder when 10440 is divided by 27?
18
What is the remainder when 56 is divided by 20?
16
What is the remainder when 1524 is divided by 220?
204
Calculate the remainder when 61133 is divided by 69.
68
What is the remainder when 525 is divided by 148?
81
Calculate the remainder when 787 is divided by 25.
12
Calculate the remainder when 437 is divided by 21.
17
Calculate the remainder when 587 is divided by 31.
29
Calculate the remainder when 889 is divided by 19.
15
Calculate the remainder when 496 is divided by 174.
148
What is the remainder when 1212 is divided by 38?
34
Calculate the remainder when 666 is divided by 141.
102
Calculate the remainder when 969 is divided by 5.
4
What is the remainder when 274 is divided by 76?
46
What is the remainder when 11627 is divided by 18?
17
What is the remainder when 64 is divided by 17?
13
What is the remainder when 326 is divided by 51?
20
Calculate the remainder when 738 is divided by 216.
90
What is the remainder when 1815 is divided by 26?
21
What is the remainder when 902 is divided by 239?
185
Calculate the remainder when 140 is divided by 56.
28
Calculate the remainder when 773 is divided by 80.
53
Calculate the remainder when 277 is divided by 19.
11
What is the remainder when 20091 is divided by 17?
14
Calculate the remainder when 1553 is divided by 197.
174
Calculate the remainder when 1072 is divided by 179.
177
What is the remainder when 615 is divided by 11?
10
What is the remainder when 1983 is divided by 149?
46
What is the remainder when 474 is divided by 75?
24
Calculate the remainder when 3505 is divided by 27.
22
Calculate the remainder when 1710 is divided by 274.
66
Calculate the remainder when 1953 is divided by 114.
15
What is the remainder when 1725 is divided by 17?
8
Calculate the remainder when 203 is divided by 42.
35
What is the remainder when 418 is divided by 14?
12
What is the remainder when 10162 is divided by 121?
119
Calculate the remainder when 174 is divided by 44.
42
What is the remainder when 5120 is divided by 54?
44
Calculate the remainder when 297 is divided by 42.
3
Calculate the remainder when 314 is divided by 65.
54
What is the remainder when 731 is divided by 65?
16
Calculate the remainder when 341 is divided by 43.
40
What is the remainder when 709 is divided by 222?
43
What is the remainder when 1471 is divided by 41?
36
What is the remainder when 122 is divided by 22?
12
What is the remainder when 295 is divided by 43?
37
What is the remainder when 31 is divided by 8?
7
Calculate the remainder when 223 is divided by 52.
15
Calculate the remainder when 232 is divided by 39.
37
Calculate the remainder when 477 is divided by 152.
21
Calculate the remainder when 2934 is divided by 77.
8
What is the remainder when 429 is divided by 72?
69
Calculate the remainder when 7284 is divided by 140.
4
What is the remainder when 693 is divided by 136?
13
What is the remainder when 149 is divided by 8?
5
Calculate the remainder when 159 is divided by 43.
30
What is the remainder when 49 is divided by 13?
10
What is the remainder when 99 is divided by 88?
11
What is the remainder when 5522 is divided by 290?
12
Calculate the remainder when 1581 is divided by 88.
85
Calculate the remainder when 314 is divided by 165.
149
Calculate the remainder when 179 is divided by 99.
80
Calculate the remainder when 423 is divided by 410.
13
What is the remainder when 931 is divided by 131?
14
Calculate the remainder when 25 is divided by 7.
4
Calculate the remainder when 44 is divided by 14.
2
Calculate the remainder when 46 is divided by 19.
8
Calculate the remainder when 2300 is divided by 164.
4
Calculate the remainder when 201 is divided by 41.
37
What is the remainder when 1918 is divided by 638?
4
Calculate the remainder when 8939 is divided by 149.
148
Calculate the remainder when 6137 is divided by 62.
61
Calculate the remainder when 1144 is divided by 8.
0
Calculate the remainder when 1581 is divided by 113.
112
Calculate the remainder when 52 is divided by 28.
24
Calculate the remainder when 182 is divided by 49.
35
Calculate the remainder when 224 is divided by 87.
50
What is the remainder when 438 is divided by 374?
64
Calculate the remainder when 611 is divided by 106.
81
What is the remainder when 203 is divided by 184?
19
Calculate the remainder when 644 is divided by 115.
69
Calculate the remainder when 6248 is divided by 19.
16
What is the remainder when 1126 is divided by 24?
22
What is the remainder when 7443 is divided by 43?
4
Calculate the remainder when 1098 is divided by 223.
206
What is the remainder when 51 is divided by 23?
5
What is the remainder when 286 is divided by 69?
10
What is the remainder when 538 is divided by 18?
16
What is the remainder when 108 is divided by 19?
13
Calculate the remainder when 368 is divided by 116.
20
What is the remainder when 784 is divided by 135?
109
Calculate the remainder when 272 is divided by 41.
26
What is the remainder when 558 is divided by 85?
48
What is the remainder when 183 is divided by 27?
21
What is the remainder when 52 is divided by 41?
11
What is the remainder when 7791 is divided by 37?
21
Calculate the remainder when 3815 is divided by 1900.
15
Calculate the remainder when 2035 is divided by 72.
19
What is the remainder when 312 is divided by 109?
94
What is the remainder when 91 is divided by 20?
11
Calculate the remainder when 172 is divided by 58.
56
Calculate the remainder when 258 is divided by 75.
33
Calculate the remainder when 218 is divided by 76.
66
Calculate the remainder when 2454 is divided by 1224.
6
What is the remainder when 190 is divided by 16?
14
Calculate the remainder when 27844 is divided by 18.
16
Calculate the remainder when 833 is divided by 38.
35
What is the remainder when 1011 is divided by 6?
3
Calculate the remainder when 98 is divided by 13.
7
Calculate the remainder when 29 is divided by 18.
11
What is the remainder when 890 is divided by 89?
0
Calculate the remainder when 77 is divided by 8.
5
Calculate the remainder when 209 is divided by 30.
29
Calculate the remainder when 2037 is divided by 24.
21
Calculate the remainder when 711 is divided by 43.
23
Calculate the remainder when 88 is divided by 14.
4
What is the remainder when 151 is divided by 41?
28
Calculate the remainder when 416 is divided by 60.
56
What is the remainder when 2437 is divided by 40?
37
What is the remainder when 1480 is divided by 164?
4
What is the remainder when 828 is divided by 83?
81
What is the remainder when 367 is divided by 62?
57
What is the remainder when 9989 is divided by 5?
4
Calculate the remainder when 351 is divided by 17.
11
What is the remainder when 159 is divided by 16?
15
What is the remainder when 293 is divided by 59?
57
What is the remainder when 1133 is divided by 8?
5
Calculate the remainder when 517 is divided by 28.
13
Calculate the remainder when 13069 is divided by 16.
13
Calculate the remainder when 389 is divided by 109.
62
Calculate the remainder when 239 is divided by 12.
11
What is the remainder when 218 is divided by 20?
18
Calculate the remainder when 151 is divided by 4.
3
What is the remainder when 76 is divided by 34?
8
What is the remainder when 2824 is divided by 23?
18
What is the remainder when 255 is divided by 63?
3
Calculate the remainder when 564 is divided by 18.
6
Calculate the remainder when 309 is divided by 72.
21
What is the remainder when 1339 is divided by 149?
147
Calculate the remainder when 187 is divided by 55.
22
Calculate the remainder when 215 is divided by 45.
35
Calculate the remainder when 1309 is divided by 16.
13
Calculate the remainder when 985 is divided by 491.
3
What is the remainder when 380 is divided by 123?
11
Calculate the remainder when 282 is divided by 8.
2
What is the remainder when 627 is divided by 14?
11
What is the remainder when 127 is divided by 51?
25
Calculate the remainder when 16 is divided by 6.
4
Calculate the remainder when 5193 is divided by 14.
13
Calculate the remainder when 350 is divided by 83.
18
Calculate the remainder when 30 is divided by 4.
2
What is the remainder when 167 is divided by 50?
17
What is the remainder when 9125 is divided by 